 second derivative of -2*v**4/3 + v**3/6 - v**2/2 + v. Calculate m(b).
-8
Suppose -11*u + 25 = -6*u. Suppose -m = 5*d - 2*m - 50, u = -m. Let f(l) = 3 + l + d*l - 10*l + l. Determine f(-5).
-2
Let c(j) = 2*j**2 - 17*j - 5. Let p be c(9). Suppose 0 = p*a - 1 + 37. Let u(h) = h + 12. Give u(a).
3
Let w = 0 + 2. Let x(a) = -3*a - 1. Determine x(w).
-7
Let b(j) = -6*j + 17. Let p(s) = 5*s - 16. Let d(z) = 6*b(z) + 7*p(z). Let r = -86 - -86. Determine d(r).
-10
Let n(k) = -5*k + 12. Let m(s) = -9*s + 25. Let t(x) = 4*m(x) - 7*n(x). Give t(7).
9
Let b(a) = -9*a**2 - 31*a + 9. Let s(x) = -x**2 - 6*x + 2. Let r(w) = -b(w) + 5*s(w). Suppose 9 = -3*f + 3. Determine r(f).
15
Let v = 401 + -400. Let b(l) = 16*l**3 - 2*l**2 + l. Give b(v).
15
Let g(p) = -22*p**2 + 39*p**2 - 5 - 18*p**2 - 5*p. Give g(-5).
-5
Let m be 9/(36/16) + -8. Let r(n) = n + 7. What is r(m)?
3
Let i(x) be the second derivative of -1/2*x**2 + 0 - 1/6*x**3 + 8*x. Give i(-4).
3
Suppose 11*s - 6*s = 0. Suppose s = 2*h - 4 - 2. Let d(p) = -5*p. What is d(h)?
-15
Let k(w) = 4*w - 12 - 8 + 14. Let m(b) = -7*b + 6 - 2*b + 7. Let j(c) = 7*k(c) + 3*m(c). What is j(-4)?
-7
Suppose -k - 3*p = k + 16, k + 3*p = -14. Let s be 9*4*(-4)/(-72). Let i(g) = -g**s + 3 - 3*g - 3*g**3 + 2*g + g + 3*g. Give i(k).
17
Suppose 4*m - 47 = -x + 2*x, -4*x - 56 = -5*m. Let d = 14 - m. Let q(b) = -2*b**2 - b**2 + 4 - 5*b - 1 + 4*b**2. What is q(d)?
-3
Suppose -5 = 2*v - 1. Let b(l) = -11*l**2 - 48. Let d(p) = 5*p**2 + 22. Let h(n) = -6*b(n) - 13*d(n). What is h(v)?
6
Let s(d) = d - 9. Suppose 9*c - 9 = 12*c, c + 3 = -5*l. Calculate s(l).
-9
Let v(j) = -3*j**3 - 10*j**2 - 17*j + 15. Let s(w) = 5*w**3 + 19*w**2 + 34*w - 26. Let a(f) = 4*s(f) + 7*v(f). Give a(8).
9
Let m(q) = 5*q**2 + 10 - 18 - 6*q**2 + 2*q**2. What is m(0)?
-8
Let b = -79 - -79. Let l(h) = 11*h + 7*h + 1 + b*h - 5*h. Give l(-1).
-12
Let o be (-4)/(-14) - (-20)/28. Let w be 0/(0/o - 2). Let m(v) = 2*v - 3. Let q(j) = j. Let a(d) = m(d) - q(d). Calculate a(w).
-3
Suppose -22*f + 34*f = 0. Let v(a) be the first derivative of -9 + f*a**2 + 1/3*a**3 - 2*a. Calculate v(0).
-2
Suppose 18 = -4*n - 3*j, 3*n = -86*j + 91*j - 28. Let w(d) = -d**2 - 1. Let v(y) = -7*y**2 - 6*y - 6. Let a(k) = v(k) - 6*w(k). Calculate a(n).
0
Suppose 0 = -8*m + 77 - 13. Let o(y) = -1 + 0*y - 4 - 2*y + 3*y. Give o(m).
3
Suppose -4*a = q + 103, 3*a - 5*q = -44 - 39. Let h = a + 47. Let o be (3/(-2))/(h/(-56)). Let n(m) = -m**3 + 3*m**2 + 5*m - 2. What is n(o)?
2
Let b(r) = -4*r. Let l(f) = f**3 + f**2 - f - 14. Let s be l(0). Let w = 26 - 11. Let c = w + s. Calculate b(c).
-4
Let l(z) = -2*z**3 - z. Suppose -123 = -2*h - 119. Let x = -3 + 7. Suppose -x*g - 2 = h. Calculate l(g).
3
Let d = 0 - -3. Let s(o) = -9*o**3 - 8*o**2 - 31*o + 33. Let h(b) = -5*b**3 - 4*b**2 - 17*b + 18. Let i(x) = -11*h(x) + 6*s(x). Give i(d).
-6
Let p be 21/(-12) - -2 - 172/(-16). Let b(i) = -i**2 + 12*i - 15. What is b(p)?
-4
Let d(c) = 7 + 27 + 8 - 26 - c. Determine d(7).
9
Let h(u) = -u**2 - 3*u - 3. Let o(t) be the third derivative of t**4/12 - 5*t**3 - 6*t**2. Let k be o(14). Calculate h(k).
-1
Let z(p) = 8*p**2 + 10*p - 4. Let v(b) = 7*b**2 + 9*b - 3. Let y(w) = -6*v(w) + 5*z(w). Calculate y(-1).
0
Suppose -5*k = 12 + 18. Let n(m) = m**3 + 6 - m + 62*m**2 - 6*m + 69*m**2 - 14 - 126*m**2. What is n(k)?
-2
Let c(s) be the second derivative of -s**3/6 + 11*s**2/2 - 2*s. Let r be 11484/783 + 2/6*(-1 + -1). Determine c(r).
-3
Let p(f) = 2*f**3 + 0*f**2 - 2*f**2 - f**3 + f - 1. Let c(d) = -d**2 - 11*d - 27. Let g be c(-5). Suppose -3 = -3*o - k - 0, 4 = 4*o + g*k. Give p(o).
-1
Let i(d) = 1 - 18*d**2 + 38008*d - 38008*d. What is i(1)?
-17
Suppose 459*k = 478*k - 95. Let t(u) be the third derivative of 0*u + 1/3*u**3 + 5*u**2 - 1/12*u**4 + 0 - 1/120*u**6 + 1/12*u**k. Calculate t(4).
10
Let q(d) be the first derivative of -d**4/4 - 2*d**3/3 - d**2/2 + d - 350. Calculate q(-2).
3
Suppose 3*w - 22 = -7. Let z(h) = h - 11. Give z(w).
-6
Let c be 2/(-8) - 62/8. Let z(y) be the first derivative of -y**4/4 - 7*y**3/3 + 5*y**2 + 9*y + 1582. Determine z(c).
-7
Let g(k) = -2*k + 153 - 12*k**3 + 13*k**3 - 155. Calculate g(-3).
-23
Let i = 2 - 5. Let v(b) be the first derivative of -b**3/6 - b**2 + b - 1. Let k(j) be the first derivative of v(j). Determine k(i).
1
Let y(c) = 11*c**2 - 12*c - 5. Let o(d) = 2*d**2 - d - 1. Let n(q) = -6*o(q) + y(q). Calculate n(-6).
1
Let g(k) = -k**3 + 0*k**3 + 16*k**2 - 31*k**2 - 11 - k + 7*k**2. Let m be (9 - 1/1)*-1. Determine g(m).
-3
Let r(i) = i - i**2 + 5*i**3 - 4 + 1 - 2*i**3 + 4. Determine r(-1).
-4
Let y(b) = -11*b**2 + 13*b + 4. Let t(k) = -5*k**2 + 6*k + 2. Let v(n) = -9*t(n) + 4*y(n). Determine v(4).
6
Let d be -9 + (5 + 2 - 4). Let c(y) = 4*y + 15. Determine c(d).
-9
Let z(b) = -b**2 - 3*b - 2. Let x be 4/6 - (-35)/(-3). Let s(t) = 234*t - 250*t - 6*t**2 - 12 + 1. Let r(i) = x*z(i) + 2*s(i). Determine r(2).
-2
Let w be 848/(-48) + 33/9. Let x(f) = f**3 + 13*f**2 - 16*f - 26. Calculate x(w).
2
Let a(z) = 2*z + 12. Let f = 102 + -110. Calculate a(f).
-4
Let p(s) = -3 - 4 + s + 13. Calculate p(-8).
-2
Let m(n) = -n**2 - 1. Let v(z) = z**3 - 15*z**2 - 12*z + 5. Let x(r) = -4*m(r) + v(r). Give x(12).
9
Let l(f) be the second derivative of -f**3/6 + f**2/2 - 19*f. Let g(p) = -1. Let m(i) = i + 5. Let q(s) = -6*g(s) - m(s). Let z(y) = 3*l(y) - 4*q(y). Give z(5).
4
Let a(c) = -c**2 + c. Let u be 80/(-30) + 2 + 21/(-9). Let b be u + 8*2/4. Determine a(b).
0
Let n(b) = -b + 11. Let p(l) = 9. Let j(w) = -5*n(w) + 6*p(w). Give j(1).
4
Let h(g) = 4*g**2 - 46. Let n(y) = y**2 - 15 - 4*y**2 + 0*y**2 + 4*y**2. Let p(o) = 2*h(o) - 7*n(o). What is p(0)?
13
Let q(o) = -o**2 + 4*o + 11. Let u be (1/2 + -3)*(-2 + 0). Calculate q(u).
6
Let l(m) be the third derivative of m**8/20160 - m**7/1680 - m**6/360 - m**5/12 - 9*m**2. Let f(r) be the third derivative of l(r). What is f(3)?
-2
Let n = -1165 + 1166. Suppose 2*g - 15 = -5. Let h(p) = n - 4*p - g*p + 3*p. Calculate h(-1).
7
Let l(p) be the third derivative of 0*p + 1/3*p**3 + 1/12*p**4 - 34 + p**2 - 1/60*p**5. Give l(3).
-1
Let o(u) = -u**3 + 2*u + 3. Let d be o(0). Suppose -x - 3*c + 3 = -0*c, -x + 5*c = -d. Let a(m) = -m**2 + 2*m. Determine a(x).
-3
Suppose 5*a + 2*q + 10 = 4*q, 0 = -5*a + q - 10. Let z(f) = f**3 - 6*f**2 + 10*f + 13. Let m(c) = -2*c**2 + 3*c + 4. Let d(y) = 7*m(y) - 2*z(y). Calculate d(a).
8
Let a = -38 - -26. Let s be ((-8)/a + -1)*-6. Let i(q) = s - 2*q + 3*q - 2*q. Determine i(3).
-1
Let u(l) = l**3 + 7*l**2 + 5*l - 6. Let m = 23 - 20. Let y be 3*(6/m)/(-1). Calculate u(y).
0
Let i = 588 + -593. Let h(y) = -y**2 - 8*y + 7. What is h(i)?
22
Let v(l) = l**3 - l + 6. Suppose 14 - 11 = 3*u. Let p be (-1 - u) + (-8 - 1) + 11. What is v(p)?
6
Let a(j) = j**3 - j**2 + j + 32. Let t = 188 + -188. Calculate a(t).
32
Let g(q) = q**3 + 12*q**2 - 5. Let c be g(-12). Let u(s) = -s + 7. Calculate u(c).
12
Let s be ((-6)/(-9))/((-22)/(-132)). Let n(j) be the second derivative of 0 + j**2 - 1/12*j**4 + 1/3*j**3 - s*j. Give n(-2).
-6
Let c(y) = 2*y - 6. Let r(z) = -z - 1. Let i(q) = -c(q) - 3*r(q). Let l(h) = h**3 + 11*h**2 - 14*h - 24. Let k be l(-12). Give i(k).
9
Let o(p) = p**2 - 8*p - 2. Let a be o(9). Let x(k) be the first derivative of k**2 - 7*k + 1. Determine x(a).
7
Let u(z) = z + 8. Suppose c - 2 + 22 = -4*n, -34 = 5*n - c. Let h be u(n). Let o(l) = 3*l**3 + l**2 - 3*l + 2. What is o(h)?
24
Let k(a) = -17*a - 1. Let r(h) be the second derivative of -2/3*h**3 + 0 + 6*h + 0*h**2. Let m(i) = -6*k(i) + 26*r(i). Calculate m(6).
-6
Let r(n) = 2*n**3 + 6*n**2 + n - 2. Let w(c) be the third derivative of -c**6/120 - c**5/60 + c**3/6 + 12*c**2. Let m(f) = -r(f) - w(f). What is m(-4)?
-11
Suppose -2*v + 4*v + i = 38, 3*i = 6. Let l = v + -16. Let t(g) = -2*g + 1 + 0 + g**2 + 0. What is t(l)?
1
Let t(l) = -3*l + 2293 + 4*l - 2331. Give t(0).
-38
Let m(d) be the first derivative of 1/72*d**6 + 1/24*d**4 - 2/3*d**3 + 0*d + 0*d**2 - 1/60*d**5 - 4. Let i(p) be the third derivative of m(p). What is i(1)?
4
Suppose -5*q - b + 116 = 0, 0 = 5*b - 10*b + 5. Suppose 20*j - 15 = q*j. Let p(m) = -m + 1. Calculate p(j).
6
Suppose 3*q + q = 8. Suppose 1 - q = -2*y + 5*j, -3*j + 3 = 0. Let p(m) = m**3 - m**2 - 5*m + 4. Calculate p(y).
7
Suppose -3